{"id":3206,"date":"2025-08-20T15:35:41","date_gmt":"2025-08-20T14:35:41","guid":{"rendered":"https:\/\/eventos.flad.pt\/?post_type=ajde_events&#038;p=3206"},"modified":"2025-09-18T15:38:43","modified_gmt":"2025-09-18T14:38:43","slug":"2o-dia-conferencia-internacional-lajes-19-setembro","status":"publish","type":"ajde_events","link":"https:\/\/eventos.flad.pt\/en\/events\/2o-dia-conferencia-internacional-lajes-19-setembro\/","title":{"rendered":"2\u00ba Dia | Confer\u00eancia Internacional Lajes | 19 setembro"},"content":{"rendered":"<p><strong><span style=\"text-decoration: underline\">Programa<\/span><\/strong><\/p>\n\n\n\n<p><strong>10h00 &#8211; 10h15 | Boas-vindas<\/strong><\/p>\n\n\n\n<ul class=\"wp-block-list\">\n<li>Michael Baum, Administrador da FLAD<\/li>\n<\/ul>\n\n\n\n<p><\/p>\n\n\n\n<p><strong>10h15 \u2013 11h00 | Confer\u00eancia<\/strong><\/p>\n\n\n\n<ul class=\"wp-block-list\">\n<li>Fernando Alexandre, Ministro da Educa\u00e7\u00e3o, Ci\u00eancia e Inova\u00e7\u00e3o<\/li>\n<\/ul>\n\n\n\n<p><\/p>\n\n\n\n<p><strong><span style=\"text-decoration: underline\">Coffee Break<\/span><\/strong><\/p>\n\n\n\n<p><\/p>\n\n\n\n<p><strong>11h30 &#8211; 12h45 | Atl\u00e2ntico \u2013 um Oceano de Conhecimento e Inova\u00e7\u00e3o<\/strong><\/p>\n\n\n\n<ul class=\"wp-block-list\">\n<li><span style=\"text-decoration: underline\">Modera\u00e7\u00e3o:<\/span> Rui Paiva, P\u00fablico e Lusa<\/li>\n\n\n\n<li>Ana Martins, Universidade dos A\u00e7ores <\/li>\n\n\n\n<li>Renato Mendes, CoLAB +Atlantic, Faculdade de Engenharia da Universidade do Porto (FEUP)<\/li>\n\n\n\n<li>Catarina Garcia, 4Oceans, Universidade NOVA de Lisboa<\/li>\n<\/ul>\n\n\n\n<p><\/p>\n\n\n\n<p><strong>14h30 &#8211; 15h45 | Infraestruturas Cr\u00edticas no Atl\u00e2ntico: Interdepend\u00eancia e Potencial Estrat\u00e9gico<\/strong><\/p>\n\n\n\n<ul class=\"wp-block-list\">\n<li><span style=\"text-decoration: underline\">Modera\u00e7\u00e3o:<\/span> Luciano Barcelos, Jornalista<\/li>\n\n\n\n<li>Tom\u00e9 Ribeiro Gomes, Universidade da Beira Interior<\/li>\n\n\n\n<li>Laura Lisboa, Sciences Po, Paris<\/li>\n<\/ul>\n\n\n\n<p><\/p>\n\n\n\n<p><strong><span style=\"text-decoration: underline\">Coffee Break<\/span><\/strong><\/p>\n\n\n\n<p><\/p>\n\n\n\n<p><strong>16h15 &#8211; 16H45 &#8211; Sess\u00e3o com Vencedores do Atlantic Security Award, Science Award ATLANTIC<\/strong><\/p>\n\n\n\n<p><\/p>\n\n\n\n<p><strong>16h45 &#8211; 17h30 | Do Atl\u00e2ntico ao Espa\u00e7o: Coopera\u00e7\u00e3o, Ci\u00eancia e Inova\u00e7\u00e3o<\/strong><\/p>\n\n\n\n<ul class=\"wp-block-list\">\n<li><span style=\"text-decoration: underline\">Modera\u00e7\u00e3o:<\/span> Paula Gouveia, A\u00e7oriano Oriental<\/li>\n\n\n\n<li>Jo\u00e3o Reis, Universidade Lus\u00f3fona, GOVCOPP e RCM2+<\/li>\n\n\n\n<li>Ricardo Conde, Ag\u00eancia Espacial Portuguesa<\/li>\n<\/ul>\n\n\n\n<p><\/p>\n\n\n\n<p><strong>17h30 | Sess\u00e3o de Encerramento<\/strong><\/p>\n\n\n\n<ul class=\"wp-block-list\">\n<li>Nuno Morais Sarmento, Presidente da FLAD <\/li>\n\n\n\n<li>Marcos Perestrello, Vice-Presidente da Assembleia da Rep\u00fablica<\/li>\n\n\n\n<li>Pedro Catarino, Representante da Rep\u00fablica para a Regi\u00e3o Aut\u00f3noma dos A\u00e7ores<\/li>\n<\/ul>\n\n\n\n<p><\/p>\n\n\n\n<p><strong>21h30 Concerto &#8220;Sinatra na Terceira&#8221; &#8211; Orquestra AngraJazz<\/strong>, Audit\u00f3rio do Ramo Grande (aberto ao p\u00fablico, mediante levantamento de convite na bilheteira do Audit\u00f3rio)<\/p>","protected":false},"author":4,"featured_media":3205,"menu_order":0,"comment_status":"open","ping_status":"closed","template":"","meta":{"_et_pb_use_builder":"","_et_pb_old_content":"","_et_gb_content_width":"","_monsterinsights_skip_tracking":false,"_monsterinsights_sitenote_active":false,"_monsterinsights_sitenote_note":"","_monsterinsights_sitenote_category":0},"tags":[],"event_type":[46],"event_type_2":[],"class_list":["post-3206","ajde_events","type-ajde_events","status-publish","has-post-thumbnail","hentry","event_location-academia-da-juventude-e-das-artes-da-ilha-terceira","event_type-eventos-conferencias"],"jetpack_sharing_enabled":true,"_links":{"self":[{"href":"https:\/\/eventos.flad.pt\/en\/wp-json\/wp\/v2\/ajde_events\/3206","targetHints":{"allow":["GET"]}}],"collection":[{"href":"https:\/\/eventos.flad.pt\/en\/wp-json\/wp\/v2\/ajde_events"}],"about":[{"href":"https:\/\/eventos.flad.pt\/en\/wp-json\/wp\/v2\/types\/ajde_events"}],"author":[{"embeddable":true,"href":"https:\/\/eventos.flad.pt\/en\/wp-json\/wp\/v2\/users\/4"}],"replies":[{"embeddable":true,"href":"https:\/\/eventos.flad.pt\/en\/wp-json\/wp\/v2\/comments?post=3206"}],"wp:featuredmedia":[{"embeddable":true,"href":"https:\/\/eventos.flad.pt\/en\/wp-json\/wp\/v2\/media\/3205"}],"wp:attachment":[{"href":"https:\/\/eventos.flad.pt\/en\/wp-json\/wp\/v2\/media?parent=3206"}],"wp:term":[{"taxonomy":"post_tag","embeddable":true,"href":"https:\/\/eventos.flad.pt\/en\/wp-json\/wp\/v2\/tags?post=3206"},{"taxonomy":"event_type","embeddable":true,"href":"https:\/\/eventos.flad.pt\/en\/wp-json\/wp\/v2\/event_type?post=3206"},{"taxonomy":"event_type_2","embeddable":true,"href":"https:\/\/eventos.flad.pt\/en\/wp-json\/wp\/v2\/event_type_2?post=3206"}],"curies":[{"name":"wp","href":"https:\/\/api.w.org\/{rel}","templated":true}]}}

2º Dia | Conferência Internacional Lajes | 19 setembro

<p><strong><span style="text-decoration: underline">Programa</span></strong></p>



<p><strong>10h00 &#8211; 10h15 | Boas-vindas</strong></p>



<ul class="wp-block-list">
<li>Michael Baum, Administrador da FLAD</li>
</ul>



<p></p>



<p><strong>10h15 – 11h00 | Conferência</strong></p>



<ul class="wp-block-list">
<li>Fernando Alexandre, Ministro da Educação, Ciência e Inovação</li>
</ul>



<p></p>



<p><strong><span style="text-decoration: underline">Coffee Break</span></strong></p>



<p></p>



<p><strong>11h30 &#8211; 12h45 | Atlântico – um Oceano de Conhecimento e Inovação</strong></p>



<ul class="wp-block-list">
<li><span style="text-decoration: underline">Moderação:</span> Rui Paiva, Público e Lusa</li>



<li>Ana Martins, Universidade dos Açores </li>



<li>Renato Mendes, CoLAB +Atlantic, Faculdade de Engenharia da Universidade do Porto (FEUP)</li>



<li>Catarina Garcia, 4Oceans, Universidade NOVA de Lisboa</li>
</ul>



<p></p>



<p><strong>14h30 &#8211; 15h45 | Infraestruturas Críticas no Atlântico: Interdependência e Potencial Estratégico</strong></p>



<ul class="wp-block-list">
<li><span style="text-decoration: underline">Moderação:</span> Luciano Barcelos, Jornalista</li>



<li>Tomé Ribeiro Gomes, Universidade da Beira Interior</li>



<li>Laura Lisboa, Sciences Po, Paris</li>
</ul>



<p></p>



<p><strong><span style="text-decoration: underline">Coffee Break</span></strong></p>



<p></p>



<p><strong>16h15 &#8211; 16H45 &#8211; Sessão com Vencedores do Atlantic Security Award, Science Award ATLANTIC</strong></p>



<p></p>



<p><strong>16h45 &#8211; 17h30 | Do Atlântico ao Espaço: Cooperação, Ciência e Inovação</strong></p>



<ul class="wp-block-list">
<li><span style="text-decoration: underline">Moderação:</span> Paula Gouveia, Açoriano Oriental</li>



<li>João Reis, Universidade Lusófona, GOVCOPP e RCM2+</li>



<li>Ricardo Conde, Agência Espacial Portuguesa</li>
</ul>



<p></p>



<p><strong>17h30 | Sessão de Encerramento</strong></p>



<ul class="wp-block-list">
<li>Nuno Morais Sarmento, Presidente da FLAD </li>



<li>Marcos Perestrello, Vice-Presidente da Assembleia da República</li>



<li>Pedro Catarino, Representante da República para a Região Autónoma dos Açores</li>
</ul>



<p></p>



<p><strong>21h30 Concerto &#8220;Sinatra na Terceira&#8221; &#8211; Orquestra AngraJazz</strong>, Auditório do Ramo Grande (aberto ao público, mediante levantamento de convite na bilheteira do Auditório)</p>
