{"id":1811,"date":"2024-10-02T16:26:29","date_gmt":"2024-10-02T16:26:29","guid":{"rendered":"https:\/\/eventos.flad.pt\/?post_type=ajde_events&#038;p=1811"},"modified":"2024-10-02T16:32:23","modified_gmt":"2024-10-02T16:32:23","slug":"2024-the-year-of-democracy-com-anne-marie-slaughter","status":"publish","type":"ajde_events","link":"https:\/\/eventos.flad.pt\/en\/events\/2024-the-year-of-democracy-com-anne-marie-slaughter\/","title":{"rendered":"2024: The Year of Democracy?\u00a0&#8211; com Anne-Marie Slaughter"},"content":{"rendered":"<p>CEO do think tank New America, e figura incontorn\u00e1vel do meio das rela\u00e7\u00f5es internacionais, e seguran\u00e7a e defesa em Washingon D.C., Anne-Marie Slaughter foi a primeira mulher a chegar a Director of Policy Planning no Departamento de Estado dos Estados Unidos, nomeada por Hillary Clinton. \u00c9 autora e\/ou editora de nove livros, e contribui regularmente para o Financial Times e o Project Syndicate.<br><br>Esta sess\u00e3o vai ser moderada pela jornalista da RTP, M\u00e1rcia Rodrigues, editora de internacional e ex-correspondente em Washington D.C. pela RTP.<\/p>","protected":false},"author":4,"featured_media":1812,"menu_order":0,"comment_status":"open","ping_status":"closed","template":"","meta":{"_et_pb_use_builder":"","_et_pb_old_content":"","_et_gb_content_width":"","_monsterinsights_skip_tracking":false,"_monsterinsights_sitenote_active":false,"_monsterinsights_sitenote_note":"","_monsterinsights_sitenote_category":0},"tags":[],"event_type":[],"event_type_2":[],"class_list":["post-1811","ajde_events","type-ajde_events","status-publish","has-post-thumbnail","hentry","event_location-auditorio-da-flad","event_organizer-flad"],"jetpack_sharing_enabled":true,"_links":{"self":[{"href":"https:\/\/eventos.flad.pt\/en\/wp-json\/wp\/v2\/ajde_events\/1811","targetHints":{"allow":["GET"]}}],"collection":[{"href":"https:\/\/eventos.flad.pt\/en\/wp-json\/wp\/v2\/ajde_events"}],"about":[{"href":"https:\/\/eventos.flad.pt\/en\/wp-json\/wp\/v2\/types\/ajde_events"}],"author":[{"embeddable":true,"href":"https:\/\/eventos.flad.pt\/en\/wp-json\/wp\/v2\/users\/4"}],"replies":[{"embeddable":true,"href":"https:\/\/eventos.flad.pt\/en\/wp-json\/wp\/v2\/comments?post=1811"}],"wp:featuredmedia":[{"embeddable":true,"href":"https:\/\/eventos.flad.pt\/en\/wp-json\/wp\/v2\/media\/1812"}],"wp:attachment":[{"href":"https:\/\/eventos.flad.pt\/en\/wp-json\/wp\/v2\/media?parent=1811"}],"wp:term":[{"taxonomy":"post_tag","embeddable":true,"href":"https:\/\/eventos.flad.pt\/en\/wp-json\/wp\/v2\/tags?post=1811"},{"taxonomy":"event_type","embeddable":true,"href":"https:\/\/eventos.flad.pt\/en\/wp-json\/wp\/v2\/event_type?post=1811"},{"taxonomy":"event_type_2","embeddable":true,"href":"https:\/\/eventos.flad.pt\/en\/wp-json\/wp\/v2\/event_type_2?post=1811"}],"curies":[{"name":"wp","href":"https:\/\/api.w.org\/{rel}","templated":true}]}}

<p>CEO do think tank New America, e figura incontornável do meio das relações internacionais, e segurança e defesa em Washingon D.C., Anne-Marie Slaughter foi a primeira mulher a chegar a Director of Policy Planning no Departamento de Estado dos Estados Unidos, nomeada por Hillary Clinton. É autora e/ou editora de nove livros, e contribui regularmente para o Financial Times e o Project Syndicate.<br><br>Esta sessão vai ser moderada pela jornalista da RTP, Márcia Rodrigues, editora de internacional e ex-correspondente em Washington D.C. pela RTP.</p>
